{"id":142,"date":"2020-03-03T10:41:18","date_gmt":"2020-03-03T10:41:18","guid":{"rendered":"https:\/\/www.centsys.co.za\/fr\/?page_id=142"},"modified":"2024-02-08T12:58:40","modified_gmt":"2024-02-08T10:58:40","slug":"logiciels-de-peripheriques","status":"publish","type":"page","link":"https:\/\/www.centsys.com\/demo002\/logiciels-de-peripheriques\/","title":{"rendered":"Logiciels de P\u00e9riph\u00e9riques"},"content":{"rendered":"<p>[et_pb_section fb_built=&#8221;1&#8243; fullwidth=&#8221;on&#8221; _builder_version=&#8221;4.16&#8243; global_colors_info=&#8221;{}&#8221;][et_pb_fullwidth_image src=&#8221;https:\/\/www.centsys.com\/demo002\/img\/Logiciels de p\u00e9riph\u00e9riques\/Centurion Systems &#8211; T\u00e9l\u00e9chargez le logiciel mis \u00e0 jour.jpg&#8221; admin_label=&#8221;Fullwidth Image&#8221; _builder_version=&#8221;4.16&#8243; global_colors_info=&#8221;{}&#8221;][\/et_pb_fullwidth_image][\/et_pb_section][et_pb_section fb_built=&#8221;1&#8243; fullwidth=&#8221;on&#8221; _builder_version=&#8221;4.20.4&#8243; background_color=&#8221;#e5e5e5&#8243; use_background_color_gradient=&#8221;on&#8221; background_color_gradient_stops=&#8221;#e5e5e5 0%|#e5e5e5 100%&#8221; background_color_gradient_start=&#8221;#e5e5e5&#8243; background_color_gradient_end=&#8221;#e5e5e5&#8243; transform_translate=&#8221;-13px|269px&#8221; background_color_gradient_stops_tablet=&#8221;#e5e5e5 0%|#e5e5e5 100%&#8221; background_color_gradient_stops_phone=&#8221;#e5e5e5 0%|#e5e5e5 100%&#8221; global_module=&#8221;5513&#8243; global_colors_info=&#8221;{}&#8221;][et_pb_fullwidth_code _builder_version=&#8221;4.20.4&#8243; _module_preset=&#8221;default&#8221; global_colors_info=&#8221;{}&#8221;]<span><span><a href=\"https:\/\/www.centsys.com\/demo002\/\">ACCUEIL<\/a><\/span><\/span>[\/et_pb_fullwidth_code][\/et_pb_section][et_pb_section fb_built=&#8221;1&#8243; _builder_version=&#8221;4.16&#8243; global_colors_info=&#8221;{}&#8221;][et_pb_row _builder_version=&#8221;4.16&#8243; global_colors_info=&#8221;{}&#8221;][et_pb_column type=&#8221;4_4&#8243; _builder_version=&#8221;4.16&#8243; global_colors_info=&#8221;{}&#8221;][et_pb_text _builder_version=&#8221;4.16&#8243; header_5_font=&#8221;|||on|||||&#8221; global_colors_info=&#8221;{}&#8221;]<\/p>\n<h1 class=\"p1\" style=\"text-align: center;\">T\u00e9l\u00e9chargements du Logiciel LatticeWARE<\/h1>\n<p>\u00a0<span style=\"font-size: 14px;\">\u00a0<\/span><\/p>\n<div data-canvas-width=\"825.4812130592156\">\n<div id=\"pageContainer1\" class=\"page\" data-page-number=\"1\" data-loaded=\"true\">\n<div class=\"textLayer\">\n<div data-canvas-width=\"524.4232367747579\">\n<div data-canvas-width=\"524.4232367747579\">\n<div data-canvas-width=\"193.25561975808\">\n<h5 class=\"p1\">Ce t\u00e9l\u00e9chargement contient :<\/h5>\n<ul>\n<li>Tous les fichiers d\u2019installation n\u00e9cessaires pour installer LatticeWare sur un ordinateur ( compatible avec Windows 7 32 bits et 64 bits, et les versions ant\u00e9rieures)<\/li>\n<li class=\"p1\">.NET Framework v4.0<\/li>\n<li class=\"p1\">Pilotes pour la t\u00eate de lecture USB<\/li>\n<\/ul>\n<h5>Quoi de neuf dans cette version ?<\/h5>\n<ul>\n<li class=\"p1\">Am\u00e9lioration des rapports qui permettent de faire des rapports par date d\u00e9finie par l\u2019utilisateur<\/li>\n<li class=\"p1\">Am\u00e9lioration de l\u2019interface de limitation de temps<\/li>\n<li class=\"p1\">Corrections de bogues depuis la version 1.0.5<\/li>\n<\/ul>\n<\/div>\n<\/div>\n<\/div>\n<\/div>\n<\/div>\n<\/div>\n<p>[\/et_pb_text][\/et_pb_column][\/et_pb_row][et_pb_row _builder_version=&#8221;4.16&#8243; custom_padding=&#8221;||0px||false|false&#8221; global_colors_info=&#8221;{}&#8221;][et_pb_column type=&#8221;4_4&#8243; _builder_version=&#8221;4.16&#8243; global_colors_info=&#8221;{}&#8221;][et_pb_button button_url=&#8221;https:\/\/www.centsys.co.za\/upload\/LatticeWare\/LatticeWare-Full-Install.zip&#8221; url_new_window=&#8221;on&#8221; button_text=&#8221;T\u00c9L\u00c9CHARGER LES FICHIERS D\u2019INSTALLATION COMPLETS DE LATTICEWARE (161MB)&#8221; button_alignment=&#8221;center&#8221; _builder_version=&#8221;4.16&#8243; global_colors_info=&#8221;{}&#8221;][\/et_pb_button][\/et_pb_column][\/et_pb_row][\/et_pb_section][et_pb_section fb_built=&#8221;1&#8243; _builder_version=&#8221;4.16&#8243; custom_padding=&#8221;0px|||||&#8221; global_colors_info=&#8221;{}&#8221;][et_pb_row _builder_version=&#8221;4.16&#8243; global_colors_info=&#8221;{}&#8221;][et_pb_column type=&#8221;4_4&#8243; _builder_version=&#8221;4.16&#8243; global_colors_info=&#8221;{}&#8221;][et_pb_text _builder_version=&#8221;4.16&#8243; header_5_font=&#8221;|||on|||||&#8221; global_colors_info=&#8221;{}&#8221;]<\/p>\n<h1 class=\"p1\" style=\"text-align: center;\">T\u00e9l\u00e9chargements de Logiciels de P\u00e9riph\u00e9riques d\u2019interface Bootloader<\/h1>\n<p>&nbsp;<\/p>\n<p>&nbsp;<\/p>\n<div data-canvas-width=\"825.4812130592156\">\n<div id=\"pageContainer1\" class=\"page\" data-page-number=\"1\" data-loaded=\"true\">\n<div class=\"textLayer\">\n<div data-canvas-width=\"524.4232367747579\">\n<div data-canvas-width=\"524.4232367747579\">\n<div data-canvas-width=\"193.25561975808\">\n<p class=\"p1\" style=\"text-align: center;\">Le logiciel Bootloader est compatible avec les versions 32 bits et 64 bits de Windows XP, Windows Vista et Windows 7.<\/p>\n<h5 class=\"p1\">\u00a0<\/h5>\n<h5 class=\"p1\">Ce t\u00e9l\u00e9chargement contient :<\/h5>\n<ul>\n<li class=\"p1\">Tous les fichiers d\u2019installation n\u00e9cessaires pour installer Bootloader sur un ordinateur<\/li>\n<li class=\"p1\">Pilotes pour le p\u00e9riph\u00e9rique d\u2019interface USB Bootloader<\/li>\n<li class=\"p1\">NET Framework v2.0 SP 2 est automatiquement t\u00e9l\u00e9charg\u00e9 par le programme installateur, si n\u00e9cessaire<\/li>\n<li class=\"p1\">Windows Installer est automatiquement t\u00e9l\u00e9charg\u00e9 par le programme installateur, si n\u00e9cessaire<\/li>\n<\/ul>\n<\/div>\n<\/div>\n<\/div>\n<\/div>\n<\/div>\n<\/div>\n<p>[\/et_pb_text][\/et_pb_column][\/et_pb_row][et_pb_row _builder_version=&#8221;4.16&#8243; custom_padding=&#8221;||0px||false|false&#8221; global_colors_info=&#8221;{}&#8221;][et_pb_column type=&#8221;4_4&#8243; _builder_version=&#8221;4.16&#8243; global_colors_info=&#8221;{}&#8221;][et_pb_button button_url=&#8221;https:\/\/www.centsys.co.za\/upload\/Bootloader\/Install\/Bootloader.exe&#8221; url_new_window=&#8221;on&#8221; button_text=&#8221;T\u00c9L\u00c9CHARGER LE LOGICIEL BOOTLOADER V1.2.0.0.0 (INSTALLATION WEB) (7MB)&#8221; button_alignment=&#8221;center&#8221; _builder_version=&#8221;4.16&#8243; global_colors_info=&#8221;{}&#8221;][\/et_pb_button][et_pb_text admin_label=&#8221;Text&#8221; _builder_version=&#8221;4.16&#8243; header_5_font=&#8221;|||on|||||&#8221; global_colors_info=&#8221;{}&#8221;]<\/p>\n<h5 class=\"p1\">Ce t\u00e9l\u00e9chargement contient :<\/h5>\n<ul>\n<li class=\"p1\">Tous les fichiers d\u2019installation n\u00e9cessaires pour installer Bootloader sur un ordinateur<\/li>\n<li class=\"p1\">.NET Framework v2.0 SP 2<\/li>\n<li class=\"p1\">Pilotes pour le p\u00e9riph\u00e9rique d\u2019interface USB Bootloader<\/li>\n<\/ul>\n<p>[\/et_pb_text][et_pb_button button_url=&#8221;https:\/\/www.centsys.co.za\/upload\/Bootloader\/Install\/Single\/Bootloader.exe&#8221; url_new_window=&#8221;on&#8221; button_text=&#8221;T\u00c9L\u00c9CHARGER LE LOGICIEL BOOTLOADER V1.2.0.0.0 (INSTALLATION COMPL\u00c8TE) (48MB)&#8221; button_alignment=&#8221;center&#8221; _builder_version=&#8221;4.16&#8243; global_colors_info=&#8221;{}&#8221;][\/et_pb_button][et_pb_button button_url=&#8221;https:\/\/www.centsys.co.za\/upload\/Bootloader\/Driver\/Drivers.zip&#8221; url_new_window=&#8221;on&#8221; button_text=&#8221;T\u00c9L\u00c9CHARGER LES PILOTES DE P\u00c9RIPH\u00c9RIQUE D\u2019INTERFACE USB DE BOOTLOADER (5MB)&#8221; button_alignment=&#8221;center&#8221; _builder_version=&#8221;4.16&#8243; global_colors_info=&#8221;{}&#8221;][\/et_pb_button][et_pb_button button_url=&#8221;https:\/\/www.centsys.co.za\/upload\/Bootloader\/Updating-USB-Bootloader-Driver.pdf&#8221; url_new_window=&#8221;on&#8221; button_text=&#8221;T\u00c9L\u00c9CHARGER LE FICHIER LISEZ-MOI : COMMENT METTRE \u00c0 JOUR VOTRE PILOTE USB DE BOOTLOADER (664MB)&#8221; button_alignment=&#8221;center&#8221; _builder_version=&#8221;4.16&#8243; global_colors_info=&#8221;{}&#8221;][\/et_pb_button][\/et_pb_column][\/et_pb_row][\/et_pb_section][et_pb_section fb_built=&#8221;1&#8243; _builder_version=&#8221;4.16&#8243; custom_padding=&#8221;0px|||||&#8221; global_colors_info=&#8221;{}&#8221;][et_pb_row _builder_version=&#8221;4.16&#8243; global_colors_info=&#8221;{}&#8221;][et_pb_column type=&#8221;4_4&#8243; _builder_version=&#8221;4.16&#8243; global_colors_info=&#8221;{}&#8221;][et_pb_text _builder_version=&#8221;4.16&#8243; header_5_font=&#8221;|||on|||||&#8221; global_colors_info=&#8221;{}&#8221;]<\/p>\n<h1 class=\"p1\" style=\"text-align: center;\">T\u00e9l\u00e9chargements du Logiciel ViRDI<\/h1>\n<p>&nbsp;<\/p>\n<p>&nbsp;<\/p>\n<div data-canvas-width=\"825.4812130592156\">\n<div id=\"pageContainer1\" class=\"page\" data-page-number=\"1\" data-loaded=\"true\">\n<div class=\"textLayer\">\n<div data-canvas-width=\"524.4232367747579\">\n<div data-canvas-width=\"524.4232367747579\">\n<div data-canvas-width=\"193.25561975808\">\n<p class=\"p1\">\n<h5 class=\"p1\">Ce t\u00e9l\u00e9chargement contient :<\/h5>\n<ul>\n<li class=\"p1\">Tous les fichiers d\u2019installation n\u00e9cessaires pour installer le logiciel ViRDI UNIS sur un ordinateur<\/li>\n<\/ul>\n<\/div>\n<\/div>\n<\/div>\n<\/div>\n<\/div>\n<\/div>\n<p>[\/et_pb_text][\/et_pb_column][\/et_pb_row][et_pb_row _builder_version=&#8221;4.16&#8243; custom_padding=&#8221;||0px||false|false&#8221; global_colors_info=&#8221;{}&#8221;][et_pb_column type=&#8221;4_4&#8243; _builder_version=&#8221;4.16&#8243; global_colors_info=&#8221;{}&#8221;][et_pb_button button_url=&#8221;https:\/\/www.centsys.co.za\/upload\/UNIS%20V2.8.1.zip&#8221; url_new_window=&#8221;on&#8221; button_text=&#8221;T\u00c9L\u00c9CHARGER LE LOGICIEL VIRDI UNIS V2.8.1 (30MB)&#8221; button_alignment=&#8221;center&#8221; _builder_version=&#8221;4.16&#8243; global_colors_info=&#8221;{}&#8221;][\/et_pb_button][\/et_pb_column][\/et_pb_row][\/et_pb_section][et_pb_section fb_built=&#8221;1&#8243; _builder_version=&#8221;4.16&#8243; custom_padding=&#8221;0px|||||&#8221; global_colors_info=&#8221;{}&#8221;][et_pb_row _builder_version=&#8221;4.16&#8243; custom_padding=&#8221;0px|||||&#8221; global_colors_info=&#8221;{}&#8221;][et_pb_column type=&#8221;4_4&#8243; _builder_version=&#8221;4.16&#8243; global_colors_info=&#8221;{}&#8221;][et_pb_text admin_label=&#8221;Text&#8221; _builder_version=&#8221;4.16&#8243; text_orientation=&#8221;center&#8221; global_colors_info=&#8221;{}&#8221;]<\/p>\n<p><em><a href=\"https:\/\/get.adobe.com\/reader\/\" target=\"_blank\" rel=\"noopener noreferrer\"><img loading=\"lazy\" decoding=\"async\" class=\"wp-image-151 alignnone size-full\" src=\"https:\/\/www.centsys.com\/demo002\/wp-content\/uploads\/2020\/03\/get_adobe_reader.gif\" alt=\"\" width=\"112\" height=\"33\" \/><\/a>\u00a0 \u00a0 Adobe Reader est automatiquement t\u00e9l\u00e9charg\u00e9 par le programme d\u2019installation, si n\u00e9cessaire.<\/em><\/p>\n<p>[\/et_pb_text][\/et_pb_column][\/et_pb_row][\/et_pb_section][et_pb_section fb_built=&#8221;1&#8243; fullwidth=&#8221;on&#8221; custom_padding_last_edited=&#8221;on|desktop&#8221; admin_label=&#8221;THIS IS THE MID SECTION BANNER SITE WIDE&#8221; _builder_version=&#8221;4.21.2&#8243; background_color=&#8221;RGBA(255,255,255,0)&#8221; background_image=&#8221;\/img\/home\/Centurion-System-Next-Level-SMART.jpg&#8221; background_enable_image=&#8221;off&#8221; transform_translate=&#8221;0px|-45px&#8221; transform_translate_linked=&#8221;off&#8221; min_height=&#8221;450px&#8221; height=&#8221;450px&#8221; max_height=&#8221;450px&#8221; custom_margin=&#8221;22px|||||&#8221; custom_padding=&#8221;0px|0px|0px|0px|false|false&#8221; custom_padding_tablet=&#8221;50px|0|198px|0|false|false&#8221; custom_padding_phone=&#8221;&#8221; link_option_url=&#8221;https:\/\/www.centsys.co.za\/d5-smart-training\/?utm_source=Website&#038;utm_medium=WEB%20BANNERS&#038;utm_campaign=SMART%20TRAINING&#8221; z_index_tablet=&#8221;500&#8243; custom_css_main_element=&#8221;height:250px; &#8221; box_shadow_horizontal_tablet=&#8221;0px&#8221; box_shadow_vertical_tablet=&#8221;0px&#8221; box_shadow_blur_tablet=&#8221;40px&#8221; box_shadow_spread_tablet=&#8221;0px&#8221; saved_tabs=&#8221;all&#8221; global_colors_info=&#8221;{}&#8221; global_module=&#8221;24554&#8243; theme_builder_area=&#8221;post_content&#8221;][et_pb_fullwidth_image src=&#8221;https:\/\/www.centsys.com\/demo002\/img\/blog\/D%C3%A9couvrez%20le%20SMART%20ECOSYSTEM%20avec%20MyCentsys%20Remote.jpg&#8221; url=&#8221;https:\/\/www.centsys.com\/demo002\/application-mobile-mycentsys-remote\/&#8221; url_new_window=&#8221;on&#8221; _builder_version=&#8221;4.23.1&#8243; _module_preset=&#8221;default&#8221; global_colors_info=&#8221;{}&#8221; theme_builder_area=&#8221;post_content&#8221;][\/et_pb_fullwidth_image][et_pb_fullwidth_header button_one_text=&#8221;Contactez-nous&#8221; button_one_url=&#8221;https:\/\/www.centsys.com\/demo002\/coordonnees\/&#8221; button_two_text=&#8221;Centre d\u2019appels&#8221; button_two_url=&#8221;https:\/\/www.centsys.com\/demo002\/centre-dappels\/&#8221; _builder_version=&#8221;4.23.1&#8243; _module_preset=&#8221;default&#8221; background_color=&#8221;#c1c1c1&#8243; custom_button_one=&#8221;on&#8221; button_one_text_color=&#8221;#FFFFFF&#8221; button_one_bg_color=&#8221;#999999&#8243; button_one_border_color=&#8221;#999999&#8243; custom_button_two=&#8221;on&#8221; button_two_text_color=&#8221;#FFFFFF&#8221; button_two_bg_color=&#8221;#999999&#8243; button_two_border_color=&#8221;#999999&#8243; custom_padding=&#8221;2px||18px|||&#8221; global_colors_info=&#8221;{}&#8221; theme_builder_area=&#8221;post_content&#8221;][\/et_pb_fullwidth_header][\/et_pb_section]<\/p>\n","protected":false},"excerpt":{"rendered":"<p><span><span><a href=\"https:\/\/www.centsys.com\/demo002\/\">ACCUEIL<\/a><\/span><\/span>T\u00e9l\u00e9chargements du Logiciel LatticeWARE \u00a0\u00a0 Ce t\u00e9l\u00e9chargement contient : Tous les fichiers d\u2019installation n\u00e9cessaires pour installer LatticeWare sur un ordinateur ( compatible avec Windows 7 32 bits et 64 bits, et les versions ant\u00e9rieures) .NET Framework v4.0 Pilotes pour la t\u00eate de lecture USB Quoi de neuf dans cette version ? Am\u00e9lioration des rapports qui [&hellip;]<\/p>\n","protected":false},"author":1,"featured_media":0,"parent":0,"menu_order":0,"comment_status":"closed","ping_status":"closed","template":"","meta":{"_et_pb_use_builder":"on","_et_pb_old_content":"","_et_gb_content_width":"","_joinchat":[],"footnotes":""},"class_list":["post-142","page","type-page","status-publish","hentry"],"yoast_head":"<!-- This site is optimized with the Yoast SEO Premium plugin v27.3 (Yoast SEO v27.4) - https:\/\/yoast.com\/product\/yoast-seo-premium-wordpress\/ -->\r\n<title>Logiciels de p\u00e9riph\u00e9riques - Centurion Systems<\/title>\r\n<meta name=\"description\" content=\"T\u00e9l\u00e9chargez gratuitement le logiciel CENTURION et mettez \u00e0 jour votre moteur de portail CENTURION ou votre solution d&#039;automatisation d&#039;acc\u00e8s.\" \/>\r\n<meta name=\"robots\" content=\"index, follow, max-snippet:-1, max-image-preview:large, max-video-preview:-1\" \/>\r\n<link rel=\"canonical\" href=\"https:\/\/www.centsys.com\/demo002\/logiciels-de-peripheriques\/\" \/>\r\n<meta property=\"og:locale\" content=\"en_US\" \/>\r\n<meta property=\"og:type\" content=\"article\" \/>\r\n<meta property=\"og:title\" content=\"Logiciels de P\u00e9riph\u00e9riques\" \/>\r\n<meta property=\"og:description\" content=\"T\u00e9l\u00e9chargez gratuitement le logiciel CENTURION et mettez \u00e0 jour votre moteur de portail CENTURION ou votre solution d&#039;automatisation d&#039;acc\u00e8s.\" \/>\r\n<meta property=\"og:url\" content=\"https:\/\/www.centsys.com\/demo002\/logiciels-de-peripheriques\/\" \/>\r\n<meta property=\"og:site_name\" content=\"Centurion Systems French\" \/>\r\n<meta property=\"article:modified_time\" content=\"2024-02-08T10:58:40+00:00\" \/>\r\n<meta property=\"og:image\" content=\"https:\/\/www.centsys.com\/demo002\/wp-content\/uploads\/2020\/03\/get_adobe_reader.gif\" \/>\r\n<meta name=\"twitter:card\" content=\"summary_large_image\" \/>\r\n<meta name=\"twitter:label1\" content=\"Est. reading time\" \/>\n\t<meta name=\"twitter:data1\" content=\"2 minutes\" \/>\r\n<script type=\"application\/ld+json\" class=\"yoast-schema-graph\">{\"@context\":\"https:\\\/\\\/schema.org\",\"@graph\":[{\"@type\":\"WebPage\",\"@id\":\"https:\\\/\\\/www.centsys.com\\\/demo002\\\/logiciels-de-peripheriques\\\/\",\"url\":\"https:\\\/\\\/www.centsys.com\\\/demo002\\\/logiciels-de-peripheriques\\\/\",\"name\":\"Logiciels de p\u00e9riph\u00e9riques - Centurion Systems\",\"isPartOf\":{\"@id\":\"https:\\\/\\\/www.centsys.com\\\/demo002\\\/#website\"},\"primaryImageOfPage\":{\"@id\":\"https:\\\/\\\/www.centsys.com\\\/demo002\\\/logiciels-de-peripheriques\\\/#primaryimage\"},\"image\":{\"@id\":\"https:\\\/\\\/www.centsys.com\\\/demo002\\\/logiciels-de-peripheriques\\\/#primaryimage\"},\"thumbnailUrl\":\"https:\\\/\\\/www.centsys.com\\\/demo002\\\/wp-content\\\/uploads\\\/2020\\\/03\\\/get_adobe_reader.gif\",\"datePublished\":\"2020-03-03T10:41:18+00:00\",\"dateModified\":\"2024-02-08T10:58:40+00:00\",\"description\":\"T\u00e9l\u00e9chargez gratuitement le logiciel CENTURION et mettez \u00e0 jour votre moteur de portail CENTURION ou votre solution d'automatisation d'acc\u00e8s.\",\"breadcrumb\":{\"@id\":\"https:\\\/\\\/www.centsys.com\\\/demo002\\\/logiciels-de-peripheriques\\\/#breadcrumb\"},\"inLanguage\":\"en-ZA\",\"potentialAction\":[{\"@type\":\"ReadAction\",\"target\":[\"https:\\\/\\\/www.centsys.com\\\/demo002\\\/logiciels-de-peripheriques\\\/\"]}]},{\"@type\":\"ImageObject\",\"inLanguage\":\"en-ZA\",\"@id\":\"https:\\\/\\\/www.centsys.com\\\/demo002\\\/logiciels-de-peripheriques\\\/#primaryimage\",\"url\":\"https:\\\/\\\/www.centsys.com\\\/demo002\\\/wp-content\\\/uploads\\\/2020\\\/03\\\/get_adobe_reader.gif\",\"contentUrl\":\"https:\\\/\\\/www.centsys.com\\\/demo002\\\/wp-content\\\/uploads\\\/2020\\\/03\\\/get_adobe_reader.gif\",\"width\":1024,\"height\":392},{\"@type\":\"BreadcrumbList\",\"@id\":\"https:\\\/\\\/www.centsys.com\\\/demo002\\\/logiciels-de-peripheriques\\\/#breadcrumb\",\"itemListElement\":[{\"@type\":\"ListItem\",\"position\":1,\"name\":\"ACCUEIL\",\"item\":\"https:\\\/\\\/www.centsys.com\\\/demo002\\\/\"},{\"@type\":\"ListItem\",\"position\":2,\"name\":\"Logiciels de P\u00e9riph\u00e9riques\"}]},{\"@type\":\"WebSite\",\"@id\":\"https:\\\/\\\/www.centsys.com\\\/demo002\\\/#website\",\"url\":\"https:\\\/\\\/www.centsys.com\\\/demo002\\\/\",\"name\":\"Centurion Systems French\",\"description\":\"Produits D\u2019automatisation D\u2019acc\u00e8s\",\"potentialAction\":[{\"@type\":\"SearchAction\",\"target\":{\"@type\":\"EntryPoint\",\"urlTemplate\":\"https:\\\/\\\/www.centsys.com\\\/demo002\\\/?s={search_term_string}\"},\"query-input\":{\"@type\":\"PropertyValueSpecification\",\"valueRequired\":true,\"valueName\":\"search_term_string\"}}],\"inLanguage\":\"en-ZA\"}]}<\/script>\r\n<!-- \/ Yoast SEO Premium plugin. -->","yoast_head_json":{"title":"Logiciels de p\u00e9riph\u00e9riques - Centurion Systems","description":"T\u00e9l\u00e9chargez gratuitement le logiciel CENTURION et mettez \u00e0 jour votre moteur de portail CENTURION ou votre solution d'automatisation d'acc\u00e8s.","robots":{"index":"index","follow":"follow","max-snippet":"max-snippet:-1","max-image-preview":"max-image-preview:large","max-video-preview":"max-video-preview:-1"},"canonical":"https:\/\/www.centsys.com\/demo002\/logiciels-de-peripheriques\/","og_locale":"en_US","og_type":"article","og_title":"Logiciels de P\u00e9riph\u00e9riques","og_description":"T\u00e9l\u00e9chargez gratuitement le logiciel CENTURION et mettez \u00e0 jour votre moteur de portail CENTURION ou votre solution d'automatisation d'acc\u00e8s.","og_url":"https:\/\/www.centsys.com\/demo002\/logiciels-de-peripheriques\/","og_site_name":"Centurion Systems French","article_modified_time":"2024-02-08T10:58:40+00:00","og_image":[{"url":"https:\/\/www.centsys.com\/demo002\/wp-content\/uploads\/2020\/03\/get_adobe_reader.gif","type":"","width":"","height":""}],"twitter_card":"summary_large_image","twitter_misc":{"Est. reading time":"2 minutes"},"schema":{"@context":"https:\/\/schema.org","@graph":[{"@type":"WebPage","@id":"https:\/\/www.centsys.com\/demo002\/logiciels-de-peripheriques\/","url":"https:\/\/www.centsys.com\/demo002\/logiciels-de-peripheriques\/","name":"Logiciels de p\u00e9riph\u00e9riques - Centurion Systems","isPartOf":{"@id":"https:\/\/www.centsys.com\/demo002\/#website"},"primaryImageOfPage":{"@id":"https:\/\/www.centsys.com\/demo002\/logiciels-de-peripheriques\/#primaryimage"},"image":{"@id":"https:\/\/www.centsys.com\/demo002\/logiciels-de-peripheriques\/#primaryimage"},"thumbnailUrl":"https:\/\/www.centsys.com\/demo002\/wp-content\/uploads\/2020\/03\/get_adobe_reader.gif","datePublished":"2020-03-03T10:41:18+00:00","dateModified":"2024-02-08T10:58:40+00:00","description":"T\u00e9l\u00e9chargez gratuitement le logiciel CENTURION et mettez \u00e0 jour votre moteur de portail CENTURION ou votre solution d'automatisation d'acc\u00e8s.","breadcrumb":{"@id":"https:\/\/www.centsys.com\/demo002\/logiciels-de-peripheriques\/#breadcrumb"},"inLanguage":"en-ZA","potentialAction":[{"@type":"ReadAction","target":["https:\/\/www.centsys.com\/demo002\/logiciels-de-peripheriques\/"]}]},{"@type":"ImageObject","inLanguage":"en-ZA","@id":"https:\/\/www.centsys.com\/demo002\/logiciels-de-peripheriques\/#primaryimage","url":"https:\/\/www.centsys.com\/demo002\/wp-content\/uploads\/2020\/03\/get_adobe_reader.gif","contentUrl":"https:\/\/www.centsys.com\/demo002\/wp-content\/uploads\/2020\/03\/get_adobe_reader.gif","width":1024,"height":392},{"@type":"BreadcrumbList","@id":"https:\/\/www.centsys.com\/demo002\/logiciels-de-peripheriques\/#breadcrumb","itemListElement":[{"@type":"ListItem","position":1,"name":"ACCUEIL","item":"https:\/\/www.centsys.com\/demo002\/"},{"@type":"ListItem","position":2,"name":"Logiciels de P\u00e9riph\u00e9riques"}]},{"@type":"WebSite","@id":"https:\/\/www.centsys.com\/demo002\/#website","url":"https:\/\/www.centsys.com\/demo002\/","name":"Centurion Systems French","description":"Produits D\u2019automatisation D\u2019acc\u00e8s","potentialAction":[{"@type":"SearchAction","target":{"@type":"EntryPoint","urlTemplate":"https:\/\/www.centsys.com\/demo002\/?s={search_term_string}"},"query-input":{"@type":"PropertyValueSpecification","valueRequired":true,"valueName":"search_term_string"}}],"inLanguage":"en-ZA"}]}},"_links":{"self":[{"href":"https:\/\/www.centsys.com\/demo002\/wp-json\/wp\/v2\/pages\/142","targetHints":{"allow":["GET"]}}],"collection":[{"href":"https:\/\/www.centsys.com\/demo002\/wp-json\/wp\/v2\/pages"}],"about":[{"href":"https:\/\/www.centsys.com\/demo002\/wp-json\/wp\/v2\/types\/page"}],"author":[{"embeddable":true,"href":"https:\/\/www.centsys.com\/demo002\/wp-json\/wp\/v2\/users\/1"}],"replies":[{"embeddable":true,"href":"https:\/\/www.centsys.com\/demo002\/wp-json\/wp\/v2\/comments?post=142"}],"version-history":[{"count":0,"href":"https:\/\/www.centsys.com\/demo002\/wp-json\/wp\/v2\/pages\/142\/revisions"}],"wp:attachment":[{"href":"https:\/\/www.centsys.com\/demo002\/wp-json\/wp\/v2\/media?parent=142"}],"curies":[{"name":"wp","href":"https:\/\/api.w.org\/{rel}","templated":true}]}}