{"id":22287,"date":"2021-10-20T16:33:55","date_gmt":"2021-10-20T14:33:55","guid":{"rendered":"https:\/\/www.centsys.co.za\/?page_id=22287"},"modified":"2025-09-16T00:32:30","modified_gmt":"2025-09-15T22:32:30","slug":"d10-turbo-smart-motor-para-puerta-corrediza","status":"publish","type":"page","link":"https:\/\/www.centsys.com\/lat\/d10-turbo-smart-motor-para-puerta-corrediza\/","title":{"rendered":"D10 TURBO SMART"},"content":{"rendered":"<p>[et_pb_section fb_built=&#8221;1&#8243; fullwidth=&#8221;on&#8221; _builder_version=&#8221;4.16&#8243; _module_preset=&#8221;default&#8221; global_colors_info=&#8221;{}&#8221;][et_pb_fullwidth_image src=&#8221;https:\/\/www.centsys.co.za\/img\/smart\/D10T-TURBO-Main-banner.jpg&#8221; _builder_version=&#8221;4.16&#8243; _module_preset=&#8221;default&#8221; global_colors_info=&#8221;{}&#8221;][\/et_pb_fullwidth_image][\/et_pb_section][et_pb_section fb_built=&#8221;1&#8243; _builder_version=&#8221;4.16&#8243; _module_preset=&#8221;default&#8221; global_colors_info=&#8221;{}&#8221;][et_pb_row _builder_version=&#8221;4.16&#8243; _module_preset=&#8221;default&#8221; global_colors_info=&#8221;{}&#8221;][et_pb_column type=&#8221;4_4&#8243; _builder_version=&#8221;4.16&#8243; _module_preset=&#8221;default&#8221; global_colors_info=&#8221;{}&#8221;][et_pb_text _builder_version=&#8221;4.16&#8243; _module_preset=&#8221;default&#8221; global_colors_info=&#8221;{}&#8221;]<\/p>\n<div class=\"et_pb_section et_pb_section_1 et_section_regular\">\n<div class=\"et_pb_row et_pb_row_0\">\n<div class=\"et_pb_column et_pb_column_4_4 et_pb_column_0 et_pb_css_mix_blend_mode_passthrough et-last-child\">\n<div class=\"et_pb_module et_pb_text et_pb_text_0 et_pb_text_align_left et_pb_bg_layout_light\">\n<div class=\"et_pb_text_inner\">\n<h1 style=\"text-align: center;\">Motor para puertas corredizas D10 Turbo SMART de alta velocidad y alta seguridad.<\/h1>\n<p>El motor de velocidad suprema se ha vuelto m\u00e1s SMART. Presentamos el nuevo e inteligente motor para puertas corredizas para comercio y residenciales D10 Turbo SMART, el veloz motor que incorpora nuestra tecnolog\u00eda m\u00e1s innovadora con una velocidad impresionante para ofrecer una soluci\u00f3n que supera a todos los dem\u00e1s.<\/p>\n<\/div>\n<\/div>\n<\/div>\n<\/div>\n<\/div>\n<p>[\/et_pb_text][\/et_pb_column][\/et_pb_row][et_pb_row column_structure=&#8221;3_5,2_5&#8243; _builder_version=&#8221;4.16&#8243; _module_preset=&#8221;default&#8221; global_colors_info=&#8221;{}&#8221;][et_pb_column type=&#8221;3_5&#8243; _builder_version=&#8221;4.16&#8243; _module_preset=&#8221;default&#8221; global_colors_info=&#8221;{}&#8221;][et_pb_text _builder_version=&#8221;4.16&#8243; _module_preset=&#8221;default&#8221; global_colors_info=&#8221;{}&#8221;]<\/p>\n<div class=\"et_pb_module et_pb_text et_pb_text_1 et_pb_text_align_left et_pb_bg_layout_light\">\n<div class=\"et_pb_text_inner\">\n<h2><strong>CARACTER\u00cdSTICAS PRINCIPALES:<\/strong><\/h2>\n<ul>\n<li>Velocidad turbo para la mejor seguridad y beneficio.<\/li>\n<li>El sistema, y la conectividad SMART ofrecen la mejor experiencia para los instaladores.<\/li>\n<li>M\u00e1s espacio de almacenamiento en la bandeja de accesorios para soluciones complementarias.<\/li>\n<li>Protecci\u00f3n antirrobo SMART, con un sensor de vibraci\u00f3n integrado que activa la alarma en contra de cualquier intento de acceso a su propiedad no autorizado.<\/li>\n<li>Mecanismo de engranes fabricados a presi\u00f3n con aluminio fundido, acoplado a un motor de corriente continua de gran torque dise\u00f1ado para ofrecer potencia y rendimiento absoluto.<\/li>\n<li>Seguridad sin complicaciones, conveniencia ininterrumpida con bater\u00eda de reserva de 24V.<\/li>\n<li>Acceso instant\u00e1neo a diagn\u00f3sticos y registros avanzados dentro de la aplicaci\u00f3n, para controlar el estado del sistema en tiempo real.<\/li>\n<li>Control de posici\u00f3n con precisi\u00f3n, y seguridad que incorpora la eficaz tecnolog\u00eda de efecto Hall.<\/li>\n<\/ul>\n<\/div>\n<\/div>\n<p>[\/et_pb_text][et_pb_image src=&#8221;https:\/\/www.centsys.co.za\/img\/smart\/D10T-and-SMART-Images.jpg&#8221; _builder_version=&#8221;4.16&#8243; _module_preset=&#8221;default&#8221; global_colors_info=&#8221;{}&#8221;][\/et_pb_image][\/et_pb_column][et_pb_column type=&#8221;2_5&#8243; _builder_version=&#8221;4.16&#8243; _module_preset=&#8221;default&#8221; global_colors_info=&#8221;{}&#8221;][et_pb_image src=&#8221;https:\/\/www.centsys.co.za\/img\/smart\/D10T-SMART-LOGO.jpg&#8221; _builder_version=&#8221;4.16&#8243; _module_preset=&#8221;default&#8221; global_colors_info=&#8221;{}&#8221;][\/et_pb_image][et_pb_image src=&#8221;https:\/\/www.centsys.com\/mx\/img\/app\/La aplicaci\u00f3n m\u00f3vil MyCentsys Pro \u2013 Descarga aqu\u00ed.jpg&#8221; url=&#8221;https:\/\/www.centsys.com\/lat\/la-aplicacion-centurion-mycentsys-pro\/&#8221; _builder_version=&#8221;4.18.0&#8243; _module_preset=&#8221;default&#8221; global_colors_info=&#8221;{}&#8221;][\/et_pb_image][et_pb_code _builder_version=&#8221;4.27.4&#8243; _module_preset=&#8221;default&#8221; hover_enabled=&#8221;0&#8243; global_colors_info=&#8221;{}&#8221; sticky_enabled=&#8221;0&#8243;]<!-- [et_pb_line_break_holder] --><!-- [et_pb_line_break_holder] --><!-- [et_pb_line_break_holder] --><\/p>\n<table border=\"0\" width=\"330\"><!-- [et_pb_line_break_holder] --><!-- [et_pb_line_break_holder] --><!-- [et_pb_line_break_holder] --><\/p>\n<tbody><!-- [et_pb_line_break_holder] --><!-- [et_pb_line_break_holder] --><!-- [et_pb_line_break_holder] --><\/p>\n<tr><!-- [et_pb_line_break_holder] --><!-- [et_pb_line_break_holder] --><!-- [et_pb_line_break_holder] --><\/p>\n<td><img decoding=\"async\" src=\"https:\/\/www.centsys.com\/mx\/img\/smart\/CENTURON%20D-SERIES%20Spanish%20PDF.jpg\" \/><\/td>\n<p><!-- [et_pb_line_break_holder] --><!-- [et_pb_line_break_holder] --><!-- [et_pb_line_break_holder] --><!-- [et_pb_line_break_holder] --><!-- [et_pb_line_break_holder] --><\/p>\n<td><a href=\"https:\/\/www.centsys.com\/lat\/pdf\/d10smart\/1271.D.02.0003%20D10S%20D10TS%20CENTURION%20Brochure%20SP%20LAT_20122024_MT_Web.pdf\">Folleto: D10 y D10T SMART (982 kb)<\/a><\/td>\n<p><!-- [et_pb_line_break_holder] --><!-- [et_pb_line_break_holder] --><!-- [et_pb_line_break_holder] --><\/tr>\n<p><!-- [et_pb_line_break_holder] --><!-- [et_pb_line_break_holder] --><!-- [et_pb_line_break_holder] --><!-- [et_pb_line_break_holder] --><!-- [et_pb_line_break_holder] --><!-- [et_pb_line_break_holder] --><\/p>\n<tr><!-- [et_pb_line_break_holder] --><!-- [et_pb_line_break_holder] --><!-- [et_pb_line_break_holder] --><\/p>\n<td><img decoding=\"async\" src=\"https:\/\/www.centsys.com\/mx\/img\/smart\/CENTURON%20D-SERIES%20Spanish%20PDF.jpg\" \/><\/td>\n<p><!-- [et_pb_line_break_holder] --><!-- [et_pb_line_break_holder] --><!-- [et_pb_line_break_holder] --><!-- [et_pb_line_break_holder] --><!-- [et_pb_line_break_holder] --><\/p>\n<td><a href=\"https:\/\/www.centsys.com\/lat\/pdf\/d10smart\/1271.D.01.0004%20D10S%20D10TS%20D20%20Installation%20Manual%20SP%20LAT_17122024_AP_Web_App.pdf\">Manual de instalaci\u00f3n: D10 y D10T SMART (5.8MB)<\/a><\/td>\n<p><!-- [et_pb_line_break_holder] --><!-- [et_pb_line_break_holder] --><!-- [et_pb_line_break_holder] --><\/tr>\n<p><!-- [et_pb_line_break_holder] --><!-- [et_pb_line_break_holder] --><!-- [et_pb_line_break_holder] --><!-- [et_pb_line_break_holder] --><!-- [et_pb_line_break_holder] --><!-- [et_pb_line_break_holder] --><\/p>\n<tr><!-- [et_pb_line_break_holder] --><!-- [et_pb_line_break_holder] --><!-- [et_pb_line_break_holder] --><\/p>\n<td><img decoding=\"async\" src=\"https:\/\/www.centsys.com\/mx\/img\/smart\/CENTURON%20D-SERIES%20Spanish%20PDF.jpg\" \/><\/td>\n<p><!-- [et_pb_line_break_holder] --><!-- [et_pb_line_break_holder] --><!-- [et_pb_line_break_holder] --><!-- [et_pb_line_break_holder] --><!-- [et_pb_line_break_holder] --><\/p>\n<td><a href=\"https:\/\/www.centsys.com\/mx\/pdf\/d10smart\/1271.D.01.0005%20D10S%20D10TS%20D20%20Quick%20Guide%20SPANISH_11102022MT_Web.pdf\">Gu\u00eda r\u00e1pida: D10 y D10T SMART (1.3MB)<\/a><\/td>\n<p><!-- [et_pb_line_break_holder] --><!-- [et_pb_line_break_holder] --><!-- [et_pb_line_break_holder] --><\/tr>\n<p><!-- [et_pb_line_break_holder] --><!-- [et_pb_line_break_holder] --><\/p>\n<tr><!-- [et_pb_line_break_holder] --><!-- [et_pb_line_break_holder] --><!-- [et_pb_line_break_holder] --><\/p>\n<td><img decoding=\"async\" src=\"https:\/\/www.centsys.com\/mx\/img\/smart\/CENTURON%20D-SERIES%20Spanish%20PDF.jpg\" \/><\/td>\n<p><!-- [et_pb_line_break_holder] --><!-- [et_pb_line_break_holder] --><!-- [et_pb_line_break_holder] --><!-- [et_pb_line_break_holder] --><!-- [et_pb_line_break_holder] --><\/p>\n<td><a href=\"https:\/\/www.centsys.com\/lat\/img\/D3%20SMART\/Docs\/1401.D.01.0025 SMART Origin Marker Pamphlet SP LAT_20112024_MT_Web.pdf\">Gu\u00eda R\u00e1pida: Sensor y marcador de origen SMART (611KB)<\/a><\/td>\n<p><!-- [et_pb_line_break_holder] --><!-- [et_pb_line_break_holder] --><!-- [et_pb_line_break_holder] --><\/tr>\n<p><!-- [et_pb_line_break_holder] -->   <\/p>\n<tr><!-- [et_pb_line_break_holder] --><!-- [et_pb_line_break_holder] --><!-- [et_pb_line_break_holder] --><\/p>\n<td><img decoding=\"async\" src=\"https:\/\/www.centsys.com\/mx\/img\/smart\/CENTURON%20D-SERIES%20Spanish%20PDF.jpg\" \/><\/td>\n<p><!-- [et_pb_line_break_holder] --><!-- [et_pb_line_break_holder] --><!-- [et_pb_line_break_holder] --><!-- [et_pb_line_break_holder] --><!-- [et_pb_line_break_holder] --><\/p>\n<td><a href=\"https:\/\/www.centsys.com\/lat\/pdf\/dsmart\/1271.D.01.0010%20D10S%20D10TS%20D20%20Theft-deterrent%20Manual%20SP%20LAT_07042025_MT_Web.pdf\">Manual de instalaci\u00f3n de la jaula antirrobo: D10 SMART | D10 TURBO SMART | D20 SMART (1.11MB)<\/a><\/td>\n<p><!-- [et_pb_line_break_holder] --><!-- [et_pb_line_break_holder] --><!-- [et_pb_line_break_holder] --><\/tr>\n<p><!-- [et_pb_line_break_holder] -->  <!-- [et_pb_line_break_holder] -->  <\/p>\n<tr><!-- [et_pb_line_break_holder] --><\/p>\n<td><img decoding=\"async\" src=\"https:\/\/www.centsys.com\/mx\/img\/smart\/CENTURON%20D-SERIES%20Spanish%20PDF.jpg\" \/><\/td>\n<p><!-- [et_pb_line_break_holder] --><\/p>\n<td><a href=\"https:\/\/www.centsys.com\/lat\/pdf\/theft\/0000.D.02.0010 Anti-lift Brackets Brochure SP_LAT 04092025_AP_Web.pdf\">Folleto: CENTURION soportes anti-elevaci\u00f3n (199kb)<\/a><\/td>\n<p><!-- [et_pb_line_break_holder] --><\/tr>\n<p><!-- [et_pb_line_break_holder] --><\/p>\n<tr><!-- [et_pb_line_break_holder] --><\/p>\n<td><img decoding=\"async\" src=\"https:\/\/www.centsys.com\/mx\/img\/smart\/CENTURON%20D-SERIES%20Spanish%20PDF.jpg\" \/><\/td>\n<p><!-- [et_pb_line_break_holder] --><\/p>\n<td><a href=\" https:\/\/www.centsys.com\/lat\/pdf\/theft\/0000.D.01.0014%20Anti-lift%20Brackets%20Installation%20Manual%20SPLAT%2001072025_AP_Web.pdf\">Manual de instalaci\u00f3n: CENTURION soportes anti-elevaci\u00f3n (4.00MB)<\/a><\/td>\n<p><!-- [et_pb_line_break_holder] --><\/tr>\n<p><!-- [et_pb_line_break_holder] --><!-- [et_pb_line_break_holder] --><!-- [et_pb_line_break_holder] --><\/tbody>\n<p><!-- [et_pb_line_break_holder] --><!-- [et_pb_line_break_holder] --><!-- [et_pb_line_break_holder] --><\/table>\n<p><!-- [et_pb_line_break_holder] --><!-- [et_pb_line_break_holder] -->[\/et_pb_code][\/et_pb_column][\/et_pb_row][\/et_pb_section][et_pb_section fb_built=&#8221;1&#8243; _builder_version=&#8221;4.16&#8243; _module_preset=&#8221;default&#8221; global_colors_info=&#8221;{}&#8221;][et_pb_row _builder_version=&#8221;4.16&#8243; _module_preset=&#8221;default&#8221; global_colors_info=&#8221;{}&#8221;][et_pb_column type=&#8221;4_4&#8243; _builder_version=&#8221;4.16&#8243; _module_preset=&#8221;default&#8221; global_colors_info=&#8221;{}&#8221;][et_pb_text _builder_version=&#8221;4.16&#8243; _module_preset=&#8221;default&#8221; global_colors_info=&#8221;{}&#8221;]<\/p>\n<h3><strong>ESPECIFICACIONES T\u00c9CNICAS:<\/strong><\/h3>\n<div id=\"footable_parent_5519\"\n         class=\" footable_parent ninja_table_wrapper loading_ninja_table wp_table_data_press_parent semantic_ui \">\n                <table data-ninja_table_instance=\"ninja_table_instance_0\" data-footable_id=\"5519\" data-filter-delay=\"1000\" aria-label=\"d10-smart-d10-turbo-smart.csv\"            id=\"footable_5519\"\n           data-unique_identifier=\"ninja_table_unique_id_2766827117_5519\"\n           class=\" foo-table ninja_footable foo_table_5519 ninja_table_unique_id_2766827117_5519 ui table  nt_type_ajax_table selectable striped vertical_centered  footable-paging-right\">\n                <colgroup>\n                            <col class=\"ninja_column_0 \">\n                            <col class=\"ninja_column_1 \">\n                            <col class=\"ninja_column_2 \">\n                    <\/colgroup>\n            <\/table>\n    \n    \n    \n<\/div>\n\n<ol>\n<li>Puede funcionar con alimentaci\u00f3n solar, consulte a su distribuidor local para obtener informaci\u00f3n.<\/li>\n<li>Basado en una temperatura ambiente de 25\u00b0C y una unidad no expuesta a la luz solar directa.<\/li>\n<li>Basado en una fuerza de empuje del motor menor del 50% de la fuerza nominal (fuerzas de arranque y funcionamiento).<\/li>\n<li>Las velocidades de apertura y cierre de la puerta pueden configurarse para que funcionen m\u00e1s despacio en funci\u00f3n de las necesidades de cada instalaci\u00f3n.<\/li>\n<li>Puede aumentar la capacidad de la bater\u00eda para obtener mayores tiempos de espera.<\/li>\n<li>Basado en una puerta de 4 metros, excluyendo todos los accesorios.<\/li>\n<li>Se pueden utilizar varios botones por control remoto.<\/li>\n<li>Consulte la siguiente tabla para conocer la velocidad de la puerta recomendada para el D10 TURBO SM\u0394RT en funci\u00f3n de las masas de las puertas especificadas. 240-1000 kg (seg\u00fan la configuraci\u00f3n de velocidad).<\/li>\n<\/ol>\n<p>[\/et_pb_text][et_pb_image src=&#8221;https:\/\/www.centsys.com\/lat\/img\/admin\/Suscr%C3%ADbase%20a%20nuestro%20bolet%C3%ADn%20informativo%20CENTURION.jpg&#8221; url=&#8221;https:\/\/www.centsys.com\/lat\/suscribase-a-nuestro-boletin-informativo\/&#8221; _builder_version=&#8221;4.18.0&#8243; _module_preset=&#8221;default&#8221; global_colors_info=&#8221;{}&#8221;][\/et_pb_image][\/et_pb_column][\/et_pb_row][et_pb_row _builder_version=&#8221;4.18.0&#8243; _module_preset=&#8221;default&#8221; global_colors_info=&#8221;{}&#8221;][et_pb_column type=&#8221;4_4&#8243; _builder_version=&#8221;4.18.0&#8243; _module_preset=&#8221;default&#8221; global_colors_info=&#8221;{}&#8221;][et_pb_image src=&#8221;https:\/\/www.centsys.com\/mx\/img\/SMART\/SMART_WebStrip_img.jpg&#8221; url=&#8221;https:\/\/www.centsys.com\/lat\/smart&#8221; _builder_version=&#8221;4.18.0&#8243; _module_preset=&#8221;default&#8221; global_colors_info=&#8221;{}&#8221;][\/et_pb_image][\/et_pb_column][\/et_pb_row][\/et_pb_section][et_pb_section fb_built=&#8221;1&#8243; fullwidth=&#8221;on&#8221; admin_label=&#8221;THIS IS THE MID SECTION BANNER SITE WIDE&#8221; _builder_version=&#8221;4.23.1&#8243; _module_preset=&#8221;default&#8221; global_module=&#8221;24415&#8243; global_colors_info=&#8221;{}&#8221;][et_pb_fullwidth_image src=&#8221;https:\/\/www.centsys.com\/lat\/img\/admin\/Centurion%20Systems_Motores%20para%20puertas%20corredizas_imagen.jpg&#8221; url=&#8221;https:\/\/www.centsys.com\/lat\/smart&#8221; admin_label=&#8221;FOOTER_SITE WIDE&#8221; _builder_version=&#8221;4.27.2&#8243; _module_preset=&#8221;default&#8221; global_colors_info=&#8221;{}&#8221;][\/et_pb_fullwidth_image][et_pb_fullwidth_header button_one_text=&#8221;Cont\u00e1ctenos&#8221; button_one_url=&#8221;https:\/\/www.centsys.com\/lat\/detalles-de-contacto\/&#8221; button_two_text=&#8221;Soporte t\u00e9cnico&#8221; button_two_url=&#8221;https:\/\/www.centsys.com\/lat\/centro-de-llamadas\/&#8221; disabled_on=&#8221;on|on|on&#8221; _builder_version=&#8221;4.25.2&#8243; _module_preset=&#8221;default&#8221; background_color=&#8221;#c1c1c1&#8243; custom_button_one=&#8221;on&#8221; button_one_text_color=&#8221;#FFFFFF&#8221; button_one_bg_color=&#8221;#999999&#8243; button_one_border_color=&#8221;#999999&#8243; custom_button_two=&#8221;on&#8221; button_two_text_color=&#8221;#FFFFFF&#8221; button_two_bg_color=&#8221;#999999&#8243; button_two_border_color=&#8221;#999999&#8243; custom_margin=&#8221;||-29px|||&#8221; custom_padding=&#8221;8px||44px||false|&#8221; disabled=&#8221;on&#8221; global_colors_info=&#8221;{}&#8221; button_one_text_size__hover_enabled=&#8221;on|hover&#8221; button_one_border_color__hover_enabled=&#8221;on|desktop&#8221; button_one_border_color__hover=&#8221;#81c341&#8243; button_two_bg_color__hover_enabled=&#8221;on|hover&#8221; button_two_bg_color__hover=&#8221;#81c341&#8243; button_two_bg_enable_color__hover=&#8221;on&#8221; button_two_border_color__hover_enabled=&#8221;on|hover&#8221; button_two_border_color__hover=&#8221;#81c341&#8243; button_one_bg_color__hover_enabled=&#8221;on|hover&#8221; button_one_bg_color__hover=&#8221;#81c341&#8243; button_one_bg_enable_color__hover=&#8221;on&#8221;][\/et_pb_fullwidth_header][\/et_pb_section]<\/p>\n","protected":false},"excerpt":{"rendered":"<p>Motor para puertas corredizas D10 Turbo SMART de alta velocidad y alta seguridad. El motor de velocidad suprema se ha vuelto m\u00e1s SMART. Presentamos el nuevo e inteligente motor para puertas corredizas para comercio y residenciales D10 Turbo SMART, el veloz motor que incorpora nuestra tecnolog\u00eda m\u00e1s innovadora con una velocidad impresionante para ofrecer una [&hellip;]<\/p>\n","protected":false},"author":2,"featured_media":0,"parent":0,"menu_order":0,"comment_status":"closed","ping_status":"closed","template":"","meta":{"_et_pb_use_builder":"on","_et_pb_old_content":"","_et_gb_content_width":"","_joinchat":[],"footnotes":""},"class_list":["post-22287","page","type-page","status-publish","hentry"],"yoast_head":"<!-- This site is optimized with the Yoast SEO Premium plugin v26.6 (Yoast SEO v27.3) - https:\/\/yoast.com\/product\/yoast-seo-premium-wordpress\/ -->\r\n<title>D10 Turbo SMART - Motor para puerta corrediza - Centurion Systems<\/title>\r\n<meta name=\"description\" content=\"El D10 Turbo SMART es perfectamenteadecuado para instalaciones con puertas m\u00e1s ligeras que requieren un gran n\u00famerode movimientos al d\u00eda.\" \/>\r\n<meta name=\"robots\" content=\"index, follow, max-snippet:-1, max-image-preview:large, max-video-preview:-1\" \/>\r\n<link rel=\"canonical\" href=\"https:\/\/www.centsys.com\/lat\/d10-turbo-smart-motor-para-puerta-corrediza\/\" \/>\r\n<meta property=\"og:locale\" content=\"en_US\" \/>\r\n<meta property=\"og:type\" content=\"article\" \/>\r\n<meta property=\"og:title\" content=\"D10 TURBO SMART\" \/>\r\n<meta property=\"og:description\" content=\"El D10 Turbo SMART es perfectamenteadecuado para instalaciones con puertas m\u00e1s ligeras que requieren un gran n\u00famerode movimientos al d\u00eda.\" \/>\r\n<meta property=\"og:url\" content=\"https:\/\/www.centsys.com\/lat\/d10-turbo-smart-motor-para-puerta-corrediza\/\" \/>\r\n<meta property=\"og:site_name\" content=\"Centurion Systems Spanish\" \/>\r\n<meta property=\"article:modified_time\" content=\"2025-09-15T22:32:30+00:00\" \/>\r\n<meta property=\"og:image\" content=\"https:\/\/www.centsys.com\/mx\/img\/smart\/CENTURON%20D-SERIES%20Spanish%20PDF.jpg\" \/>\r\n<meta name=\"twitter:card\" content=\"summary_large_image\" \/>\r\n<meta name=\"twitter:label1\" content=\"Est. reading time\" \/>\n\t<meta name=\"twitter:data1\" content=\"5 minutes\" \/>\r\n<script type=\"application\/ld+json\" class=\"yoast-schema-graph\">{\"@context\":\"https:\\\/\\\/schema.org\",\"@graph\":[{\"@type\":\"WebPage\",\"@id\":\"https:\\\/\\\/www.centsys.com\\\/lat\\\/d10-turbo-smart-motor-para-puerta-corrediza\\\/\",\"url\":\"https:\\\/\\\/www.centsys.com\\\/lat\\\/d10-turbo-smart-motor-para-puerta-corrediza\\\/\",\"name\":\"D10 Turbo SMART - Motor para puerta corrediza - Centurion Systems\",\"isPartOf\":{\"@id\":\"https:\\\/\\\/www.centsys.com\\\/lat\\\/#website\"},\"primaryImageOfPage\":{\"@id\":\"https:\\\/\\\/www.centsys.com\\\/lat\\\/d10-turbo-smart-motor-para-puerta-corrediza\\\/#primaryimage\"},\"image\":{\"@id\":\"https:\\\/\\\/www.centsys.com\\\/lat\\\/d10-turbo-smart-motor-para-puerta-corrediza\\\/#primaryimage\"},\"thumbnailUrl\":\"https:\\\/\\\/www.centsys.com\\\/mx\\\/img\\\/smart\\\/CENTURON%20D-SERIES%20Spanish%20PDF.jpg\",\"datePublished\":\"2021-10-20T14:33:55+00:00\",\"dateModified\":\"2025-09-15T22:32:30+00:00\",\"description\":\"El D10 Turbo SMART es perfectamenteadecuado para instalaciones con puertas m\u00e1s ligeras que requieren un gran n\u00famerode movimientos al d\u00eda.\",\"breadcrumb\":{\"@id\":\"https:\\\/\\\/www.centsys.com\\\/lat\\\/d10-turbo-smart-motor-para-puerta-corrediza\\\/#breadcrumb\"},\"inLanguage\":\"en-ZA\",\"potentialAction\":[{\"@type\":\"ReadAction\",\"target\":[\"https:\\\/\\\/www.centsys.com\\\/lat\\\/d10-turbo-smart-motor-para-puerta-corrediza\\\/\"]}]},{\"@type\":\"ImageObject\",\"inLanguage\":\"en-ZA\",\"@id\":\"https:\\\/\\\/www.centsys.com\\\/lat\\\/d10-turbo-smart-motor-para-puerta-corrediza\\\/#primaryimage\",\"url\":\"https:\\\/\\\/www.centsys.com\\\/mx\\\/img\\\/smart\\\/CENTURON%20D-SERIES%20Spanish%20PDF.jpg\",\"contentUrl\":\"https:\\\/\\\/www.centsys.com\\\/mx\\\/img\\\/smart\\\/CENTURON%20D-SERIES%20Spanish%20PDF.jpg\"},{\"@type\":\"BreadcrumbList\",\"@id\":\"https:\\\/\\\/www.centsys.com\\\/lat\\\/d10-turbo-smart-motor-para-puerta-corrediza\\\/#breadcrumb\",\"itemListElement\":[{\"@type\":\"ListItem\",\"position\":1,\"name\":\"INICIO\",\"item\":\"https:\\\/\\\/www.centsys.com\\\/lat\\\/\"},{\"@type\":\"ListItem\",\"position\":2,\"name\":\"D10 TURBO SMART\"}]},{\"@type\":\"WebSite\",\"@id\":\"https:\\\/\\\/www.centsys.com\\\/lat\\\/#website\",\"url\":\"https:\\\/\\\/www.centsys.com\\\/lat\\\/\",\"name\":\"Centurion Systems Spanish\",\"description\":\"Productos para Automatizaci\u00f3n de Acceso\",\"potentialAction\":[{\"@type\":\"SearchAction\",\"target\":{\"@type\":\"EntryPoint\",\"urlTemplate\":\"https:\\\/\\\/www.centsys.com\\\/lat\\\/?s={search_term_string}\"},\"query-input\":{\"@type\":\"PropertyValueSpecification\",\"valueRequired\":true,\"valueName\":\"search_term_string\"}}],\"inLanguage\":\"en-ZA\"}]}<\/script>\r\n<!-- \/ Yoast SEO Premium plugin. -->","yoast_head_json":{"title":"D10 Turbo SMART - Motor para puerta corrediza - Centurion Systems","description":"El D10 Turbo SMART es perfectamenteadecuado para instalaciones con puertas m\u00e1s ligeras que requieren un gran n\u00famerode movimientos al d\u00eda.","robots":{"index":"index","follow":"follow","max-snippet":"max-snippet:-1","max-image-preview":"max-image-preview:large","max-video-preview":"max-video-preview:-1"},"canonical":"https:\/\/www.centsys.com\/lat\/d10-turbo-smart-motor-para-puerta-corrediza\/","og_locale":"en_US","og_type":"article","og_title":"D10 TURBO SMART","og_description":"El D10 Turbo SMART es perfectamenteadecuado para instalaciones con puertas m\u00e1s ligeras que requieren un gran n\u00famerode movimientos al d\u00eda.","og_url":"https:\/\/www.centsys.com\/lat\/d10-turbo-smart-motor-para-puerta-corrediza\/","og_site_name":"Centurion Systems Spanish","article_modified_time":"2025-09-15T22:32:30+00:00","og_image":[{"url":"https:\/\/www.centsys.com\/mx\/img\/smart\/CENTURON%20D-SERIES%20Spanish%20PDF.jpg","type":"","width":"","height":""}],"twitter_card":"summary_large_image","twitter_misc":{"Est. reading time":"5 minutes"},"schema":{"@context":"https:\/\/schema.org","@graph":[{"@type":"WebPage","@id":"https:\/\/www.centsys.com\/lat\/d10-turbo-smart-motor-para-puerta-corrediza\/","url":"https:\/\/www.centsys.com\/lat\/d10-turbo-smart-motor-para-puerta-corrediza\/","name":"D10 Turbo SMART - Motor para puerta corrediza - Centurion Systems","isPartOf":{"@id":"https:\/\/www.centsys.com\/lat\/#website"},"primaryImageOfPage":{"@id":"https:\/\/www.centsys.com\/lat\/d10-turbo-smart-motor-para-puerta-corrediza\/#primaryimage"},"image":{"@id":"https:\/\/www.centsys.com\/lat\/d10-turbo-smart-motor-para-puerta-corrediza\/#primaryimage"},"thumbnailUrl":"https:\/\/www.centsys.com\/mx\/img\/smart\/CENTURON%20D-SERIES%20Spanish%20PDF.jpg","datePublished":"2021-10-20T14:33:55+00:00","dateModified":"2025-09-15T22:32:30+00:00","description":"El D10 Turbo SMART es perfectamenteadecuado para instalaciones con puertas m\u00e1s ligeras que requieren un gran n\u00famerode movimientos al d\u00eda.","breadcrumb":{"@id":"https:\/\/www.centsys.com\/lat\/d10-turbo-smart-motor-para-puerta-corrediza\/#breadcrumb"},"inLanguage":"en-ZA","potentialAction":[{"@type":"ReadAction","target":["https:\/\/www.centsys.com\/lat\/d10-turbo-smart-motor-para-puerta-corrediza\/"]}]},{"@type":"ImageObject","inLanguage":"en-ZA","@id":"https:\/\/www.centsys.com\/lat\/d10-turbo-smart-motor-para-puerta-corrediza\/#primaryimage","url":"https:\/\/www.centsys.com\/mx\/img\/smart\/CENTURON%20D-SERIES%20Spanish%20PDF.jpg","contentUrl":"https:\/\/www.centsys.com\/mx\/img\/smart\/CENTURON%20D-SERIES%20Spanish%20PDF.jpg"},{"@type":"BreadcrumbList","@id":"https:\/\/www.centsys.com\/lat\/d10-turbo-smart-motor-para-puerta-corrediza\/#breadcrumb","itemListElement":[{"@type":"ListItem","position":1,"name":"INICIO","item":"https:\/\/www.centsys.com\/lat\/"},{"@type":"ListItem","position":2,"name":"D10 TURBO SMART"}]},{"@type":"WebSite","@id":"https:\/\/www.centsys.com\/lat\/#website","url":"https:\/\/www.centsys.com\/lat\/","name":"Centurion Systems Spanish","description":"Productos para Automatizaci\u00f3n de Acceso","potentialAction":[{"@type":"SearchAction","target":{"@type":"EntryPoint","urlTemplate":"https:\/\/www.centsys.com\/lat\/?s={search_term_string}"},"query-input":{"@type":"PropertyValueSpecification","valueRequired":true,"valueName":"search_term_string"}}],"inLanguage":"en-ZA"}]}},"_links":{"self":[{"href":"https:\/\/www.centsys.com\/lat\/wp-json\/wp\/v2\/pages\/22287","targetHints":{"allow":["GET"]}}],"collection":[{"href":"https:\/\/www.centsys.com\/lat\/wp-json\/wp\/v2\/pages"}],"about":[{"href":"https:\/\/www.centsys.com\/lat\/wp-json\/wp\/v2\/types\/page"}],"author":[{"embeddable":true,"href":"https:\/\/www.centsys.com\/lat\/wp-json\/wp\/v2\/users\/2"}],"replies":[{"embeddable":true,"href":"https:\/\/www.centsys.com\/lat\/wp-json\/wp\/v2\/comments?post=22287"}],"version-history":[{"count":0,"href":"https:\/\/www.centsys.com\/lat\/wp-json\/wp\/v2\/pages\/22287\/revisions"}],"wp:attachment":[{"href":"https:\/\/www.centsys.com\/lat\/wp-json\/wp\/v2\/media?parent=22287"}],"curies":[{"name":"wp","href":"https:\/\/api.w.org\/{rel}","templated":true}]}}